ppose 0*y = 3*y + 2*c - 8, -5*y = -5*c + 20. Suppose 5*f - 2*o + o - 567 = y, 0 = -3*f + 2*o + 336. Calculate the greatest common divisor of f and 38.
38
Let y be (1/((-6)/10))/((-100)/360). Let c be (8/6)/((-4)/6). Let a be c/(-8) + 90/24. Calculate the greatest common factor of y and a.
2
Suppose 4*q - 3*w = 109, 5*w = -42*q + 46*q - 115. Calculate the highest common divisor of q and 925.
25
Let s be (16 - 12) + -2 + 7. Let v(o) = 8*o**3 + 2*o**2 - 2*o + 1. Let b be v(1). What is the highest common factor of b and s?
9
Let u be ((-48)/14)/((-396)/1848). What is the greatest common factor of 304 and u?
16
Suppose -3983 = -16*f + 4465. What is the highest common divisor of f and 48?
48
Let z be 1/(-5) + 3783/15. Calculate the highest common divisor of 108 and z.
36
Let c be (7/(-2) - 48/32) + 107. What is the highest common divisor of 170 and c?
34
Let j(k) = 2*k**2 - 21*k - 77. Let q be j(-5). Calculate the greatest common divisor of 104 and q.
26
Let h(a) = a**2 - 13*a - 260. Let g be h(-12). What is the greatest common factor of g and 140?
20
Let a be 6/(-9) - (-1360)/15. Suppose -30 - a = -c. What is the highest common factor of c and 30?
30
Let p(b) = b**2 - 29*b + 190. Let h be p(20). What is the greatest common divisor of h and 4?
2
Let t(s) = 6*s + 2. Let y be t(2). Let b = -1006 + 1132. What is the greatest common divisor of b and y?
14
Let y(k) = 8*k - 110. Let l be y(14). What is the greatest common divisor of l and 250?
2
Let b be 62/3 + 8/(-12). Let m(g) = -2*g**3 + 3*g + 3. Let s be m(-1). Suppose -q - 4 = -s*q. What is the highest common factor of b and q?
4
Let v = -1556 + 1601. What is the highest common factor of 85 and v?
5
Suppose v = y + 3, 10 = -3*y - 5*v - 7. Let g be 4*((-38)/y + (-6 - -7)). Calculate the greatest common divisor of g and 105.
21
Suppose 0 = -z - 3 + 14. Let c = z + -2. Calculate the highest common divisor of 72 and c.
9
Suppose 720*s = 725*s - 20. What is the highest common factor of 8 and s?
4
Let c = -66 + 3. Let m = 321 + c. Suppose -2*j = 3*a - 93, 0 = 4*j + 4*a - m + 62. What is the highest common factor of j and 27?
27
Suppose 5*l + 127 = 3*p, 2*p + 160 = 6*p - 2*l. Calculate the greatest common factor of p and 65.
13
Let p(m) = -m - 6. Let z be p(0). Let i = -3 - z. Let u be ((-16)/(i/(-3)))/1. What is the greatest common factor of u and 16?
16
Let m = 117 + -81. Suppose -96 + m = -3*y. Suppose -2*a = 3*a - 900. Calculate the highest common factor of y and a.
20
Let l be (-73 + 77)/(-2*1/(-50)). Calculate the greatest common factor of 125 and l.
25
Let n(y) = 10*y**2 - 5*y - 103. Let a(z) = -3*z**2 + 2*z + 34. Let p(v) = -7*a(v) - 2*n(v). Let w be p(-6). What is the highest common divisor of 4 and w?
4
Let s = -229 - -472. What is the greatest common factor of 27 and s?
27
Suppose 20 + 4 = 6*x. Let h be (-442)/(-11) - x/22. Suppose t + h = 2*t. Calculate the highest common factor of t and 5.
5
Suppose -6*i = -17*i + 1815. Suppose -3*x - 3*m = -72, -19 = -2*x + 5*m + 1. Let d = 35 - x. What is the highest common factor of i and d?
15
Let i(g) = -3*g - 1 + 5*g**3 + 24*g**3 + g**2 + 2*g + g**3. Let l be i(-1). Let v = -13 - l. What is the highest common factor of v and 40?
8
Suppose 18 + 2 = 4*o. Let v(q) = 15*q - o + 6*q - 2*q**2 - 7*q. Let a be v(6). What is the greatest common divisor of a and 28?
7
Suppose -4*w - 32 = -24. Let i be 0 - (w - -2 - 2). What is the greatest common factor of i and 3?
1
Suppose 0 = 4*z + 16, 2*y + 4*z - 11 = 57. What is the highest common factor of 231 and y?
21
Let p(g) = 2*g**3 + 7*g**2 + 2*g - 7. Suppose -4 = -2*v - 14. Let b be p(v). Let d = 222 + b. What is the greatest common factor of 13 and d?
13
Let x be 4*3/8 - 285/(-10). What is the highest common factor of x and 30?
30
Let s be 120*(8/(-12))/1. Let b be (18/15)/((-12)/s). Suppose 0 = 2*y - 154 - 22. What is the highest common divisor of y and b?
8
Let w(x) = 2*x + 2. Let t be w(3). Let a be (4/(-1) - -107)/1. Let c = a - 87. What is the highest common factor of c and t?
8
Suppose 0 = -2*i + 2*q - 4*q + 284, 5*i - 3*q = 694. Suppose -t - 74 + 0 = 0. Let s = i + t. What is the greatest common factor of 6 and s?
6
Let l be 2 - (1/(-2) + (-45)/30). Suppose 14 = 5*u + 49. Let i(t) = t**2 + 5*t - 2. Let p be i(u). Calculate the greatest common divisor of l and p.
4
Let a(r) = -51*r - 6. Let i be a(-2). Suppose -5*k + 24 = -i. Let c = 13 - -59. Calculate the highest common factor of k and c.
24
Let y = -9 - -13. Suppose n - 15 = -4*n + y*m, n - 2 = m. Suppose -9*u + n*u + 50 = 0. Calculate the greatest common factor of 175 and u.
25
Suppose 0*m - 4*m + 32 = 0. Suppose -m*n + 6*n + 34 = 0. What is the highest common factor of n and 34?
17
Let a be (-26)/91 - 16/(-7). Suppose -142 = -3*l - 5*i, -a*l + 23 = -i - 89. Calculate the highest common divisor of 6 and l.
6
Let w be 1*-9*((-56)/21 - -3). Let u be w/(-4) + 16/64. Calculate the highest common divisor of u and 11.
1
Suppose 3*w + k = 4*k - 150, -2*k = 4*w + 182. Let f = w - -74. Calculate the greatest common factor of 81 and f.
27
Let d = 57 + -29. Suppose t + 4*y - d = 0, -3*t - 3*y + 98 = 2*y. Calculate the greatest common factor of 18 and t.
18
Let r = -5 + 8. Suppose -j + 20 = r*j. Suppose -3*o + 11 = m - 5, j*o = -3*m + 64. Calculate the greatest common divisor of m and 14.
14
Let f(x) = 15*x**2 - 3*x. Let t be (-9)/(-4) - (-4)/(-16). Let z be f(t). Suppose -24 = -4*h - 0. Calculate the greatest common factor of z and h.
6
Let m be -1*(-1 + 3) + -4. Let a be (850/75)/((-4)/m). What is the highest common divisor of 1 and a?
1
Suppose 2*u + 21 = 5*u. Suppose 69 = u*q + 20. What is the greatest common divisor of 140 and q?
7
Let g = -112 + 268. What is the highest common divisor of 273 and g?
39
Let d be ((-6)/(-7))/((-1)/(-7)). Suppose 14 - 62 = -4*r - t, 4*r - 48 = 2*t. Calculate the greatest common factor of d and r.
6
Suppose -3*a + 5*l = 8, 36 = -0*a + 4*a + 5*l. Calculate the highest common factor of 76 and a.
4
Suppose 41 + 11 = -2*b. Let t(j) = j**3 + 7*j**2 + 9*j. Let p be t(-6). Let x = p - b. Calculate the highest common factor of 80 and x.
8
Let m = 112 - 101. Calculate the greatest common factor of 77 and m.
11
Let y be -1 + -1 - -3 - 0. Let z be (-2 + (2 - y))*-45. Let g = 414 + -384. What is the highest common factor of g and z?
15
Let t(k) = k**3 + 11*k**2 - 5*k + 17. Let s be (-318)/39 + 8/52. Let a be t(s). Let j = a - 137. Calculate the greatest common divisor of 16 and j.
16
Suppose 16 = -4*n, -2*w - 4*n + 206 = -n. Suppose 0 = 5*t - 116 - w. What is the highest common factor of 135 and t?
45
Suppose v = -5*y + 112, v - 2*v - 20 = -y. Let n be 7/(2/(-6) + (-28)/(-66)). What is the greatest common divisor of n and y?
11
Let t be (22 + -26)/(1/(-14)). What is the greatest common factor of 616 and t?
56
Let s be 1/(2/26) - -2. Let l be (-1488)/(-9) + (-5)/s. Suppose -2*q = -5*q + 45. Calculate the greatest common factor of l and q.
15
Suppose 3*u = -4*r + 32, u + 6*r = r + 29. What is the greatest common factor of u and 36?
4
Let t(f) = -11*f - 87 - 3*f**2 + 88 + 2*f**2 + 0*f**2. Let c be t(-8). What is the highest common factor of 175 and c?
25
Let a(l) = -l**2 - 12*l + 46. Let m be a(-14). Calculate the greatest common divisor of 45 and m.
9
Let n = -443 - -452. Calculate the greatest common factor of n and 9.
9
Let v be -4*(184/(-10) - (-6)/(-10)). Suppose -4*p + 3*g - 17 = -v, g = -p + 6. Calculate the highest common factor of 55 and p.
11
Let o = -66 - -72. Let r = 10 + 2. What is the highest common factor of r and o?
6
Let n = 657 - 650. Calculate the highest common divisor of n and 413.
7
Suppose o + o - 48 = -3*b, 0 = -3*b - 3*o + 51. Let y = 1 - 9. Let v be (y/10)/(5/(-700)). Calculate the highest common factor of b and v.
14
Suppose -33*n - 3*n + 9072 = 0. Calculate the highest common factor of 63 and n.
63
Let o(i) = -i**3 + 5*i**2 + 78*i + 9. Let t be o(11). What is the greatest common divisor of t and 3525?
141
Suppose 0*q - 439 = 4*q + r, -2*q - 3*r = 207. Let d be 14/(-49) + q/(-21). Suppose -d*x + 646 = -434. What is the greatest common divisor of x and 24?
24
Let y(r) = 91*r - 7. Let p be y(1). Calculate the greatest common divisor of 36 and p.
12
Suppose 4*l = -0*i + 2*i + 298, -2*l - 2*i + 158 = 0. Calculate the great